tors of 1121724633.
3, 373908211
List the prime factors of 379582931.
7, 13, 19, 59, 61
What are the prime factors of 321268471?
127, 1453, 1741
What are the prime factors of 1290581404?
2, 7, 181, 5197
What are the prime factors of 207267333?
3, 7, 13, 19, 31, 1289
List the prime factors of 274584426.
2, 3, 45764071
List the prime factors of 134264203.
19, 83, 4481
List the prime factors of 1172363123.
1172363123
List the prime factors of 91214860.
2, 5, 11, 17, 29
List the prime factors of 883419682.
2, 441709841
List the prime factors of 502703667.
3, 55855963
What are the prime factors of 90273310?
2, 5, 53, 170327
What are the prime factors of 724194637?
241, 3004957
List the prime factors of 6280701381.
3, 697855709
What are the prime factors of 591624158?
2, 487, 607417
What are the prime factors of 400724030?
2, 5, 7, 29, 307, 643
What are the prime factors of 2453876?
2, 613469
List the prime factors of 9800317.
211, 46447
What are the prime factors of 5648461887?
3, 179, 10518551
What are the prime factors of 100618266?
2, 3, 7, 342239
What are the prime factors of 1603832761?
1603832761
What are the prime factors of 94734661?
7, 71, 190613
What are the prime factors of 8376919136?
2, 103, 2541541
List the prime factors of 91683649.
71, 1049, 1231
What are the prime factors of 1139919069?
3, 379973023
List the prime factors of 5033472946.
2, 7187, 350179
What are the prime factors of 595009852?
2, 19, 7829077
What are the prime factors of 431473424?
2, 53, 89, 5717
What are the prime factors of 45397163?
7, 971, 6679
What are the prime factors of 152026830?
2, 3, 5, 631, 2677
List the prime factors of 99298047.
3, 19, 37, 197, 239
What are the prime factors of 3750181939?
7, 535740277
What are the prime factors of 94818682?
2, 7, 6772763
What are the prime factors of 810582663?
3, 11, 251, 97861
What are the prime factors of 1448268857?
7, 47, 4402033
What are the prime factors of 2442732102?
2, 3, 135707339
What are the prime factors of 971076608?
2, 948317
List the prime factors of 171312398.
2, 19, 1039, 4339
What are the prime factors of 796136?
2, 11, 83, 109
List the prime factors of 1471871610.
2, 3, 5, 11, 263, 5653
List the prime factors of 1805210463.
3, 7, 19, 227, 1049
List the prime factors of 3403702412.
2, 11, 31, 41, 503
What are the prime factors of 127454138?
2, 7, 9103867
List the prime factors of 1311333612.
2, 3, 109277801
List the prime factors of 246630115.
5, 2179, 22637
What are the prime factors of 117924092?
2, 11, 13, 29, 7109
List the prime factors of 123437944.
2, 7, 163, 13523
List the prime factors of 10844445.
3, 5, 722963
What are the prime factors of 32687860?
2, 5, 1634393
What are the prime factors of 1750463612?
2, 1901, 230203
What are the prime factors of 566484194?
2, 79, 337, 10639
What are the prime factors of 131159977?
13, 31, 325459
What are the prime factors of 43919838?
2, 3, 2439991
What are the prime factors of 161154753?
3, 53718251
List the prime factors of 756678943.
756678943
What are the prime factors of 341881465?
5, 101, 676993
What are the prime factors of 122863442?
2, 13, 359, 13163
List the prime factors of 574851660.
2, 3, 5, 9580861
What are the prime factors of 8696742?
2, 3, 677, 2141
List the prime factors of 28624766.
2, 373, 38371
What are the prime factors of 1389878592?
2, 3, 23, 29, 10853
What are the prime factors of 3382435198?
2, 1691217599
List the prime factors of 33765225.
3, 5, 13, 34631
List the prime factors of 1166244847.
37, 79, 398989
What are the prime factors of 242900272?
2, 53, 107, 2677
List the prime factors of 91605735.
3, 5, 13, 127, 137
List the prime factors of 198414446.
2, 17, 31, 188249
What are the prime factors of 1507314385?
5, 301462877
List the prime factors of 843385424.
2, 7, 29, 103, 2521
List the prime factors of 5843255730.
2, 3, 5, 13, 47, 318781
List the prime factors of 48769770.
2, 3, 5, 7, 17, 19, 719
List the prime factors of 379777579.
379777579
What are the prime factors of 3145498301?
11, 257, 1112663
List the prime factors of 140452264.
2, 443, 39631
What are the prime factors of 235663648?
2, 11, 107, 6257
List the prime factors of 34955245.
5, 13, 537773
List the prime factors of 552248950.
2, 5, 11, 1004089
What are the prime factors of 2958418814?
2, 13, 227, 501257
List the prime factors of 94542392.
2, 7, 41, 41177
List the prime factors of 23273099.
23273099
List the prime factors of 600383754.
2, 3, 379, 88007
What are the prime factors of 155410915?
5, 11, 37, 76369
List the prime factors of 746675293.
7, 13, 631171
What are the prime factors of 82923185?
5, 16584637
What are the prime factors of 167077682?
2, 83538841
List the prime factors of 42116260.
2, 5, 2105813
What are the prime factors of 92494008?
2, 3, 17, 25189
What are the prime factors of 4564582204?
2, 7, 13, 157, 79873
List the prime factors of 1742313837.
3, 11, 59, 894871
What are the prime factors of 29370964?
2, 7, 1048963
What are the prime factors of 488208302?
2, 244104151
List the prime factors of 51839986.
2, 11, 2356363
What are the prime factors of 378650833?
11, 31, 1110413
List the prime factors of 83682079.
13, 6437083
List the prime factors of 136236188.
2, 11, 3096277
What are the prime factors of 1627332653?
19, 47, 1822321
What are the prime factors of 4955844656?
2, 7, 1489, 29717
What are the prime factors of 53846665?
5, 19, 83, 6829
What are the prime factors of 42321727?
7, 31, 101, 1931
List the prime factors of 232424111.
232424111
What are the prime factors of 3706714418?
2, 11, 168487019
List the prime factors of 151797701.
11, 13799791
List the prime factors of 137366125.
5, 13, 84533
List the prime factors of 156592307.
61, 163, 15749
What are the prime factors of 1010370300?
2, 3, 5, 3367901
List the prime factors of 919970767.
23, 43, 53, 17551
What are the prime factors of 38499325?
5, 1539973
What are the prime factors of 1779713526?
2, 3, 101, 2936821
List the prime factors of 659966084.
2, 3109, 53069
What are the prime factors of 54466144?
2, 193, 8819
What are the prime factors of 9591726?
2, 3, 149, 10729
List the prime factors of 114319386.
2, 3, 83, 76519
What are the prime factors of 1050972477?
3, 61, 83, 69193
List the prime factors of 520596143.
19, 61, 157, 2861
What are the prime factors of 71611690?
2, 5, 227, 31547
List the prime factors of 1001100712.
2, 37, 863, 3919
What are the prime factors of 187319655?
3, 5, 71, 19543
List the prime factors of 401080943.
401080943
What are the prime factors of 908832177?
3, 11, 31, 98711
What are the prime factors of 1232014183?
31, 39742393
What are the prime factors of 72233321?
7349, 9829
List the prime factors of 4839614232.
2, 3, 89, 2265737
What are the prime factors of 501894904?
2, 7, 2857, 3137
What are the prime factors of 120632246?
2, 7, 113, 76253
List the prime factors of 3808439855.
5, 11, 241, 287321
List the prime factors of 6493466.
2, 7, 293, 1583
List the prime factors of 86286331.
37, 277, 8419
What are the prime factors of 153000111?
3, 11, 157, 29531
List the prime factors of 1289170008.
2, 3, 7, 365411
List the prime factors of 121753714.
2, 139, 191, 2293
List the prime factors of 77781227.
77781227
What are the prime factors of 45520316?
2, 43, 383, 691
What are the prime factors of 998983152?
2, 3, 419, 5519
What are the prime factors of 2216552501?
863, 2568427
What are the prime factors of 318170589?
3, 11, 17, 47, 1097
List the prime factors of 845600665.
5, 7, 13, 563, 3301
List the prime factors of 23221148.
2, 5805287
List the prime factors of 312855505.
5, 17, 216509
List the prime factors of 2239188124.
2, 4057, 137983
List the prime factors of 52001438.
2, 26000719
List the prime factors of 20761977.
3, 97, 71347
List the prime factors of 5220936366.
2, 3, 870156061
List the prime factors of 769588231.
2551, 301681
What are the prime factors of 26191946?
2, 11, 167, 7129
What are the prime factors of 190655677?
79, 397, 6079
What are the prime factors of 177670446?
2, 3, 23, 1287467
List the prime factors of 352482160.
2, 5, 283, 15569
What are the prime factors of 599157380?
2, 5, 29957869
What are the prime factors of 24505393?
11, 2227763
List the prime factors of 4047459113.
60637, 66749
What are the prime factors